{"id":73,"date":"2024-11-28T21:28:42","date_gmt":"2024-11-28T20:28:42","guid":{"rendered":"https:\/\/kevin.drouet.formation-esiac.fr\/?page_id=73"},"modified":"2024-12-02T09:50:38","modified_gmt":"2024-12-02T08:50:38","slug":"dossier-u6","status":"publish","type":"page","link":"https:\/\/kevin.drouet.formation-esiac.fr\/index.php\/dossier-u6\/","title":{"rendered":"PRESENTATION ENTREPRISE"},"content":{"rendered":"\n<div class=\"wp-block-columns are-vertically-aligned-center is-layout-flex wp-container-core-columns-is-layout-28f84493 wp-block-columns-is-layout-flex\">\n<div class=\"wp-block-column is-vertically-aligned-center is-layout-flow wp-block-column-is-layout-flow\" style=\"flex-basis:25%\">\n<figure class=\"wp-block-image size-full\"><img loading=\"lazy\" decoding=\"async\" width=\"293\" height=\"172\" src=\"https:\/\/kevin.drouet.formation-esiac.fr\/wp-content\/uploads\/2024\/12\/delta.png\" alt=\"\" class=\"wp-image-90\"\/><\/figure>\n<\/div>\n\n\n\n<div class=\"wp-block-column is-vertically-aligned-center is-layout-flow wp-block-column-is-layout-flow\" style=\"flex-basis:75%\">\n<h2 class=\"wp-block-heading\">DELTA TECHNOLOGIES<\/h2>\n<\/div>\n<\/div>\n\n\n\n<div class=\"wp-block-group alignfull has-global-padding is-layout-constrained wp-container-core-group-is-layout-4e17e602 wp-block-group-is-layout-constrained\" style=\"padding-top:var(--wp--preset--spacing--superbspacing-medium);padding-right:var(--wp--preset--spacing--superbspacing-small);padding-bottom:var(--wp--preset--spacing--superbspacing-medium);padding-left:var(--wp--preset--spacing--superbspacing-small)\">\n<h5 class=\"wp-block-heading has-text-align-left\"><mark style=\"background-color:rgba(0, 0, 0, 0)\" class=\"has-inline-color has-primary-color\"><strong>PRESENTATION DE L&#8217;ENTREPRISE DELTA TECHNOLOGIES<\/strong><\/mark><\/h5>\n\n\n\n<div class=\"wp-block-group is-layout-flow wp-container-core-group-is-layout-3fbca637 wp-block-group-is-layout-flow\">\n<p class=\"has-superbfont-small-font-size\">Delta Technologies, fond\u00e9e en 1986 dans le d\u00e9partement de la Sarthe, est une entreprise sp\u00e9cialis\u00e9e dans les services informatiques. \u00c0 ses d\u00e9buts, elle \u00e9tait rattach\u00e9e \u00e0 Delta Neo, mais est devenue ind\u00e9pendante apr\u00e8s avoir acquis ses propres locaux. En 2017, elle a rejoint le groupe FITECO, qui regroupe 3 000 collaborateurs r\u00e9partis dans 85 bureaux \u00e0 travers la France. En 2019, elle a int\u00e9gr\u00e9 l\u2019entreprise SIGIRE, sp\u00e9cialis\u00e9e dans les logiciels de comptabilit\u00e9 et leur d\u00e9ploiement.<\/p>\n\n\n\n<p>La maison m\u00e8re de Delta Technologies est situ\u00e9e \u00e0 La Fert\u00e9-Bernard, \u00e0 proximit\u00e9 de l\u2019autoroute A11, facilitant l\u2019acc\u00e8s vers Le Mans et Paris. L\u2019entreprise dispose \u00e9galement d\u2019une agence au Mans, sp\u00e9cialis\u00e9e dans le logiciel Sage et l\u2019assistance utilisateur, ainsi qu\u2019une agence \u00e0 Chartres, offrant un acc\u00e8s rapide \u00e0 Paris et ses environs.<\/p>\n\n\n\n<p>En 2023, Delta Technologies a r\u00e9alis\u00e9 un chiffre d&#8217;affaires de 7,7 millions d\u2019euros gr\u00e2ce \u00e0 une client\u00e8le de 1 300 entreprises issues de divers secteurs d\u2019activit\u00e9. Son \u00e9quipe se compose de 25 collaborateurs, d\u00e9di\u00e9s principalement \u00e0 la gestion des clients et au traitement des incidents.<\/p>\n\n\n\n<p>L\u2019organisation interne repose sur plusieurs p\u00f4les : le support technique, regroupant des techniciens de diff\u00e9rents niveaux (N1, N2 et N3), un p\u00f4le commercial, et une \u00e9quipe sp\u00e9cialis\u00e9e dans le logiciel EBP. L\u2019entreprise accorde une grande importance \u00e0 la gestion des demandes clients, souvent trait\u00e9es via des appels t\u00e9l\u00e9phoniques, des emails ou des interventions sur site.<\/p>\n\n\n\n<p>Delta Technologies s\u2019engage \u00e9galement dans une d\u00e9marche qualit\u00e9, s\u00e9curit\u00e9 et environnement (QSE). Elle met en place des initiatives telles que le tri des d\u00e9chets, l\u2019utilisation de v\u00e9hicules \u00e9lectriques, la collecte de retours clients pour am\u00e9liorer ses services et la s\u00e9curisation des donn\u00e9es avec des syst\u00e8mes avanc\u00e9s comme l\u2019authentification multifactorielle. L\u2019entreprise propose \u00e9galement des formations en cybers\u00e9curit\u00e9 \u00e0 ses collaborateurs et clients.<\/p>\n\n\n\n<p class=\"has-superbfont-small-font-size\">Enfin, Delta Technologies offre une large gamme de services, incluant l\u2019installation et le d\u00e9pannage de mat\u00e9riels, la gestion de r\u00e9seaux, la virtualisation, les solutions de sauvegarde et la t\u00e9l\u00e9phonie IP. Elle accompagne \u00e9galement ses clients dans la mise en place de solutions logicielles adapt\u00e9es \u00e0 leurs besoins, notamment dans les domaines de la comptabilit\u00e9 et du suivi commercial.<\/p>\n<\/div>\n\n\n\n<div class=\"wp-block-buttons is-layout-flex wp-block-buttons-is-layout-flex\">\n<div class=\"wp-block-button\"><a class=\"wp-block-button__link wp-element-button\" href=\"https:\/\/www.deltatechnologies.fr\/\">Delta Technologies<\/a><\/div>\n<\/div>\n<\/div>\n","protected":false},"excerpt":{"rendered":"<p>DELTA TECHNOLOGIES PRESENTATION DE L&#8217;ENTREPRISE DELTA TECHNOLOGIES Delta Technologies, fond\u00e9e en 1986 dans le d\u00e9partement de la Sarthe, est une entreprise sp\u00e9cialis\u00e9e dans les services informatiques. \u00c0 ses d\u00e9buts, elle \u00e9tait rattach\u00e9e \u00e0 Delta Neo, mais est devenue ind\u00e9pendante apr\u00e8s avoir acquis ses propres locaux. En 2017, elle a rejoint le groupe FITECO, qui regroupe [&hellip;]<\/p>\n","protected":false},"author":1,"featured_media":0,"parent":0,"menu_order":0,"comment_status":"closed","ping_status":"closed","template":"","meta":{"footnotes":""},"class_list":["post-73","page","type-page","status-publish","hentry"],"_links":{"self":[{"href":"https:\/\/kevin.drouet.formation-esiac.fr\/index.php\/wp-json\/wp\/v2\/pages\/73","targetHints":{"allow":["GET"]}}],"collection":[{"href":"https:\/\/kevin.drouet.formation-esiac.fr\/index.php\/wp-json\/wp\/v2\/pages"}],"about":[{"href":"https:\/\/kevin.drouet.formation-esiac.fr\/index.php\/wp-json\/wp\/v2\/types\/page"}],"author":[{"embeddable":true,"href":"https:\/\/kevin.drouet.formation-esiac.fr\/index.php\/wp-json\/wp\/v2\/users\/1"}],"replies":[{"embeddable":true,"href":"https:\/\/kevin.drouet.formation-esiac.fr\/index.php\/wp-json\/wp\/v2\/comments?post=73"}],"version-history":[{"count":5,"href":"https:\/\/kevin.drouet.formation-esiac.fr\/index.php\/wp-json\/wp\/v2\/pages\/73\/revisions"}],"predecessor-version":[{"id":92,"href":"https:\/\/kevin.drouet.formation-esiac.fr\/index.php\/wp-json\/wp\/v2\/pages\/73\/revisions\/92"}],"wp:attachment":[{"href":"https:\/\/kevin.drouet.formation-esiac.fr\/index.php\/wp-json\/wp\/v2\/media?parent=73"}],"curies":[{"name":"wp","href":"https:\/\/api.w.org\/{rel}","templated":true}]}}