{"id":94,"date":"2024-12-02T10:11:40","date_gmt":"2024-12-02T09:11:40","guid":{"rendered":"https:\/\/kevin.drouet.formation-esiac.fr\/?page_id=94"},"modified":"2024-12-04T11:34:34","modified_gmt":"2024-12-04T10:34:34","slug":"mentions-legales","status":"publish","type":"page","link":"https:\/\/kevin.drouet.formation-esiac.fr\/index.php\/mentions-legales\/","title":{"rendered":"Mentions l\u00e9gales"},"content":{"rendered":"\n<p>Conform\u00e9ment aux dispositions des articles 6-III et 19 de la Loi n\u00b02004-575 du 21 juin 2004 pour la Confiance dans l&#8217;\u00c9conomie Num\u00e9rique (LCEN), il est port\u00e9 \u00e0 la connaissance des utilisateurs du site <strong><a href=\"https:\/\/kevin.drouet.formation-esiac.fr\/\">https:\/\/kevin.drouet.formation-esiac.fr\/<\/a><\/strong> les pr\u00e9sentes mentions l\u00e9gales.<\/p>\n\n\n\n<p><strong>\u00c9diteur du site<\/strong><\/p>\n\n\n\n<ul class=\"wp-block-list\">\n<li><strong>Nom<\/strong> : Kevin Drouet<\/li>\n\n\n\n<li><strong>Statut<\/strong> : Particulier<\/li>\n\n\n\n<li><strong>Responsable de la publication<\/strong> : Kevin Drouet<\/li>\n\n\n\n<li><strong>Contact<\/strong> : <mark style=\"background-color:rgba(0, 0, 0, 0)\" class=\"has-inline-color has-primary-color\"><strong>kdrouet@cfai.formation-industries-pdl.fr<\/strong><\/mark><\/li>\n<\/ul>\n\n\n\n<p><strong>H\u00e9bergeur du site<\/strong><\/p>\n\n\n\n<ul class=\"wp-block-list\">\n<li><strong>Nom<\/strong> : OVH<\/li>\n\n\n\n<li><strong>Adresse<\/strong> : 2 Rue Kellermann, 59100 Roubaix, France<\/li>\n\n\n\n<li><strong>T\u00e9l\u00e9phone<\/strong> : +33 (0)9 72 10 10 07<\/li>\n\n\n\n<li><strong>Site internet de l\u2019h\u00e9bergeur<\/strong> : <a href=\"https:\/\/www.ovh.com\"><strong><mark style=\"background-color:rgba(0, 0, 0, 0)\" class=\"has-inline-color has-primary-color\">www.ovh.com<\/mark><\/strong><\/a><\/li>\n<\/ul>\n\n\n\n<p><strong>Propri\u00e9t\u00e9 intellectuelle<\/strong><br>L\u2019ensemble des \u00e9l\u00e9ments pr\u00e9sents sur ce site, incluant notamment les textes, images, graphismes, logos et vid\u00e9os, sont prot\u00e9g\u00e9s par les dispositions du Code de la propri\u00e9t\u00e9 intellectuelle.<br>Toute reproduction, repr\u00e9sentation, modification, publication ou adaptation, totale ou partielle, des \u00e9l\u00e9ments du site est strictement interdite, sauf autorisation \u00e9crite pr\u00e9alable de Kevin Drouet.<\/p>\n\n\n\n<p><strong>Absence de collecte de donn\u00e9es personnelles<\/strong><br>Aucune donn\u00e9e personnelle n\u2019est collect\u00e9e via ce site.<\/p>\n\n\n\n<p><strong>Cookies<\/strong><br>Le site <strong><a href=\"https:\/\/kevin.drouet.formation-esiac.fr\/\">https:\/\/kevin.drouet.formation-esiac.fr\/<\/a><\/strong><mark style=\"background-color:rgba(0, 0, 0, 0)\" class=\"has-inline-color has-primary-color\"> <\/mark>n\u2019utilise pas de cookies ni de technologies similaires visant \u00e0 collecter des donn\u00e9es sur les utilisateurs.<\/p>\n\n\n\n<p><strong>Responsabilit\u00e9<\/strong><br>L\u2019\u00e9diteur du site s\u2019efforce de garantir l\u2019exactitude et la mise \u00e0 jour des informations diffus\u00e9es sur le site. Toutefois, il ne saurait \u00eatre tenu responsable :<\/p>\n\n\n\n<ul class=\"wp-block-list\">\n<li>des omissions, inexactitudes ou carences pouvant affecter le contenu,<\/li>\n\n\n\n<li>des dommages directs ou indirects r\u00e9sultant de l\u2019utilisation du site ou des informations accessibles via celui-ci.<\/li>\n<\/ul>\n\n\n\n<p><\/p>\n","protected":false},"excerpt":{"rendered":"<p>Conform\u00e9ment aux dispositions des articles 6-III et 19 de la Loi n\u00b02004-575 du 21 juin 2004 pour la Confiance dans l&#8217;\u00c9conomie Num\u00e9rique (LCEN), il est port\u00e9 \u00e0 la connaissance des utilisateurs du site https:\/\/kevin.drouet.formation-esiac.fr\/ les pr\u00e9sentes mentions l\u00e9gales. \u00c9diteur du site H\u00e9bergeur du site Propri\u00e9t\u00e9 intellectuelleL\u2019ensemble des \u00e9l\u00e9ments pr\u00e9sents sur ce site, incluant notamment les [&hellip;]<\/p>\n","protected":false},"author":1,"featured_media":0,"parent":0,"menu_order":0,"comment_status":"closed","ping_status":"closed","template":"","meta":{"footnotes":""},"class_list":["post-94","page","type-page","status-publish","hentry"],"_links":{"self":[{"href":"https:\/\/kevin.drouet.formation-esiac.fr\/index.php\/wp-json\/wp\/v2\/pages\/94","targetHints":{"allow":["GET"]}}],"collection":[{"href":"https:\/\/kevin.drouet.formation-esiac.fr\/index.php\/wp-json\/wp\/v2\/pages"}],"about":[{"href":"https:\/\/kevin.drouet.formation-esiac.fr\/index.php\/wp-json\/wp\/v2\/types\/page"}],"author":[{"embeddable":true,"href":"https:\/\/kevin.drouet.formation-esiac.fr\/index.php\/wp-json\/wp\/v2\/users\/1"}],"replies":[{"embeddable":true,"href":"https:\/\/kevin.drouet.formation-esiac.fr\/index.php\/wp-json\/wp\/v2\/comments?post=94"}],"version-history":[{"count":2,"href":"https:\/\/kevin.drouet.formation-esiac.fr\/index.php\/wp-json\/wp\/v2\/pages\/94\/revisions"}],"predecessor-version":[{"id":110,"href":"https:\/\/kevin.drouet.formation-esiac.fr\/index.php\/wp-json\/wp\/v2\/pages\/94\/revisions\/110"}],"wp:attachment":[{"href":"https:\/\/kevin.drouet.formation-esiac.fr\/index.php\/wp-json\/wp\/v2\/media?parent=94"}],"curies":[{"name":"wp","href":"https:\/\/api.w.org\/{rel}","templated":true}]}}